rt 1e5 (base 15) to base 7.
1166
-3395 (base 14) to base 11
-67a8
f07 (base 16) to base 4
330013
Convert 68133 (base 9) to base 15.
d659
15531 (base 7) to base 8
10437
What is -b87 (base 14) in base 10?
-2275
What is 10468 (base 9) in base 8?
15443
What is -2031 (base 16) in base 10?
-8241
-24133 (base 6) to base 16
-db9
Convert 2400 (base 7) to base 13.
52b
158 (base 10) to base 13
c2
-1435 (base 15) to base 6
-32005
Convert 1002222 (base 3) to base 11.
676
What is -1134034 (base 5) in base 3?
-1002000010
What is -155 (base 11) in base 7?
-346
Convert -16542 (base 7) to base 4.
-1021332
Convert -99 (base 14) to base 16.
-87
What is df (base 16) in base 6?
1011
64 (base 11) to base 3
2121
What is 25b7 (base 12) in base 10?
4315
Convert 50623 (base 10) to base 16.
c5bf
Convert -1da6 (base 14) to base 4.
-1110332
What is 1125 (base 12) in base 9?
2542
What is -22a (base 14) in base 7?
-1153
Convert 10131 (base 5) to base 12.
476
254a (base 11) to base 5
101241
What is 2b25 (base 14) in base 4?
1313331
What is -4985 (base 10) in base 14?
-1b61
-4537 (base 11) to base 10
-5969
What is -10101110011001 (base 2) in base 9?
-16271
530 (base 14) to base 13
608
Convert -b681 (base 15) to base 16.
-96c4
What is 8bb3 (base 15) in base 14?
ab35
-cf (base 16) to base 3
-21200
-20002 (base 7) to base 15
-1654
What is -5b4b (base 12) in base 16?
-282b
Convert -21420 (base 6) to base 2.
-101110010100
What is 741 (base 8) in base 5?
3411
-230 (base 8) to base 5
-1102
Convert 1210012 (base 4) to base 7.
24451
What is -5872 (base 11) in base 15?
-2437
Convert -2a7 (base 16) to base 15.
-304
What is 43011 (base 5) in base 14?
109b
Convert -129 (base 15) to base 6.
-1120
1667c (base 13) to base 2
1010011101101100
What is 2403 (base 6) in base 11?
487
572 (base 12) to base 14
418
What is 3644 (base 15) in base 14?
42c3
Convert -55 (base 9) to base 7.
-101
Convert 12405 (base 7) to base 14.
12ac
-30443 (base 5) to base 2
-11111001110
What is 10231 (base 4) in base 5?
2201
Convert 433 (base 6) to base 14.
bb
Convert -19548 (base 10) to base 16.
-4c5c
Convert 1002 (base 6) to base 12.
162
What is 10460 (base 8) in base 7?
15554
Convert -181 (base 10) to base 4.
-2311
What is 10556 (base 7) in base 12?
167b
Convert -6894 (base 13) to base 14.
-54ab
Convert 3edd (base 15) to base 4.
3102223
Convert 513 (base 10) to base 14.
289
1b1c2 (base 13) to base 14
15499
What is -ef76 (base 16) in base 9?
-103073
What is 100314 (base 5) in base 3?
11101212
173 (base 13) to base 8
407
What is 1335 (base 10) in base 5?
20320
Convert -220224 (base 5) to base 7.
-31024
300223 (base 5) to base 4
2103132
-bb7 (base 15) to base 3
-10122001
-4753 (base 8) to base 9
-3431
Convert -813 (base 16) to base 15.
-92c
3114 (base 9) to base 10
2281
What is -1303 (base 5) in base 8?
-313
-4511 (base 6) to base 8
-2033
What is -164 (base 12) in base 6?
-1004
Convert 5133 (base 7) to base 12.
1050
Convert 221 (base 10) to base 16.
dd
Convert 447 (base 8) to base 11.
249
Convert -15350 (base 7) to base 8.
-10312
Convert 1133 (base 5) to base 7.
330
What is -16dc (base 14) in base 9?
-5571
Convert -110000010 (base 2) to base 5.
-3021
Convert 111 (base 10) to base 8.
157
Convert -522 (base 6) to base 5.
-1234
-411333 (base 5) to base 9
-20265
Convert -baa (base 15) to base 7.
-10453
Convert 153210 (base 6) to base 11.
10290
-11201 (base 3) to base 16
-7f
-5a08 (base 15) to base 10
-19133
What is 20224 (base 7) in base 16?
1336
1140032 (base 6) to base 10
59636
What is -682 (base 15) in base 12?
-a28
124 (base 9) to base 12
87
Convert 12550 (base 6) to base 3.
2122210
What is 43da (base 14) in base 4?
2313230
Convert -100010011101 (base 2) to base 3.
-10000200
Convert 1224 (base 6) to base 7.
613
421 (base 16) to base 6
4521
What is -96 (base 14) in base 8?
-204
Convert 1101000012 (base 3) to base 9.
41005
What is 310 (base 5) in base 6?
212
Convert -46ec (base 15) to base 11.
-10362
330223 (base 4) to base 3
12022211
What is -51100 (base 6) in base 16?
-1a4c
What is 110021021 (base 3) in base 2?
10001011110000
What is -11313 (base 6) in base 12?
-b39
Convert -3031 (base 4) to base 8.
-315
What is -200230 (base 4) in base 14?
-a96
797 (base 10) to base 15
382
Convert -406a (base 14) to base 16.
-2b3e
Convert 4598 (base 12) to base 13.
36b0
Convert 1721 (base 8) to base 5.
12402
What is -533 (base 7) in base 6?
-1125
3220113 (base 5) to base 3
2202122010
1011 (base 5) to base 11
10a
Convert 761 (base 8) to base 5.
3442
21133 (base 5) to base 9
1845
What is 1636 (base 7) in base 3?
220121
Convert 17217 (base 10) to base 2.
100001101000001
What is -3323331 (base 4) in base 2?
-11111011111101
Convert -1001211 (base 3) to base 15.
-36d
Convert -63112 (base 8) to base 4.
-12121022
Convert 8325 (base 9) to base 13.
2a11
Convert 14450 (base 6) to base 3.
10012110
30305 (base 6) to base 2
111110100001
What is 17b5 (base 13) in base 15?
10a3
What is 3330213 (base 5) in base 12?
29807
What is -55540 (base 6) in base 8?
-17124
-1011021 (base 3) to base 9
-1137
Convert 10000110100 (base 2) to base 3.
1110212
Convert -10205 (base 7) to base 13.
-11a8
What is -23198 (base 10) in base 11?
-1647a
What is 11a0 (base 12) in base 9?
2653
-101 (base 7) to base 8
-62
What is -46351 (base 7) in base 10?
-11845
110113 (base 4) to base 16
517
-8a6 (base 14) to base 16
-6b2
Convert -3011 (base 11) to base 2.
-111110100101
Convert -1a37 (base 11) to base 3.
-10112121
What is 1200 (base 4) in base 8?
140
Convert -1930 (base 14) to base 5.
-121200
-3211102 (base 4) to base 10
-14674
Convert -153 (base 7) to base 3.
-10020
What is 220000221 (base 3) in base 8?
42161
What is -60c (base 14) in base 6?
-5300
What is -b11 (base 14) in base 13?
-cb0
-12507 (base 10) to base 9
-18136
What is -122012 (base 3) in base 14?
-252
What is 5d4 (base 16) in base 6?
10524
1ae4 (base 15) to base 16
16cf
What is 152441 (base 6) in base 9?
22337
What is -4a9 (base 12) in base 4?
-23001
What is 527 (base 14) in base 2?
1111110111
What is -2282 (base 10) in base 3?
-10010112
-40cb (base 14) to base 13
-5101
Convert -15d (base 16) to base 9.
-427
What is 32 (base 11) in base 12?
2b
What is -299 (base 10) in base 8?
-453
-6279 (base 10) to base 12
-3773
What is 3617 (base 9) in base 12?
1681
16311 (base 9) to base 8
25664
Convert -59b (base 13) to base 4.
-33031
What is 213 (base 4) in base 10?
39
What is 111220 (base 3) in base 6?
1423
Convert -13230 (base 4) to base 9.
-606
24167 (base 8) to base 4
2201313
1155 (base 10) to base 9
1523
220001 (base 3) to base 7
1615
Convert -4849 (base 10) to base 7.
-20065
What is -99 (base 15) in base 2?
-10010000
Convert 16c (base 14) to base 6.
1204
What is 454 (base 9) in base 15?
19d
8c28 (base 13) to base 6
230530
What is -163ba (base 14) in base 10?
-55632
Convert 11101110011 (base 2) to base 14.
9a3
What is -3127 (base 9) in base 5?
-33133
Convert 2515 (base 13) to base 11.
3a4a
Convert 1103214 (base 5) to base 2.
100101011110000
2441 (base 5) to base 2
101110011
30c6 (base 16) to base 8
30306
31753 (base 9) to base 13
9756
-301 (base 8) to base 11
-166
-111220 (base 3) to base 13
-22b
What is 33142 (base 5) in base 11?
17a9
What is -35325 (base 10) in base 14?
-cc33
-4b68 (base 12) to base 10
-8576
10000111100 (base 2) to base 11
8a6
12221210 (base 3) to base 2
1000011110101
What is 542b (base 12) in base 4?
2100203
What is -40bc (base 13) in base 5?
-241233
What is -1000110001 (base 2) in base 14?
-2c1
3333000 (base 4) to base 15
4c80
-2123 (base 7) to base 15
-352
What is bd (base 16) in base 7?
360
What is -100010011110 (base 2) in base 11?
-1726
7279 (base 13) to base 8
36711
Convert -35346 (base 7) to base 6.
-110043
-2503 (base 8) to base 9
-1756
What is -127 (base 10) in base 2?
-1111111
4240 (base 9) to base 12
1976
Convert 141235 (base 7) to base 13.
c307
Convert -1311 (base 8) to base 7.
-2036
What is -21101 (base 3) in base 9?
-241
Convert 555 (base 9) to base 13.
290
Convert 320 (base 8) to base 7.
415
Convert 15230 (base 10) to base 12.
8992
Convert -50712 (base 9) to base 15.
-9d58
What is -771 (base 11) in base 16?
-39d
What is 1241 (base 7) in base 5?
3340
Convert -4144212 (base 5) to base 9.
-114183
What is -6031 (base 8) in base 12?
-1961
-101101001 (base 2) to base 9
-441
-3531 (base 8) 